{"id":96,"date":"2025-10-08T06:52:37","date_gmt":"2025-10-08T06:52:37","guid":{"rendered":"https:\/\/zwonowice.pl\/?page_id=96"},"modified":"2025-10-08T12:41:20","modified_gmt":"2025-10-08T12:41:20","slug":"wiadomosci-z-regionu","status":"publish","type":"page","link":"https:\/\/zwonowice.pl\/index.php\/wiadomosci-z-regionu\/","title":{"rendered":"Wiadomo\u015bci z Regionu"},"content":{"rendered":"<ul class=\"wp-block-latest-posts__list has-dates wp-block-latest-posts has-medium-font-size\"><li><div class=\"wp-block-latest-posts__featured-image\"><img loading=\"lazy\" decoding=\"async\" width=\"150\" height=\"150\" src=\"https:\/\/zwonowice.pl\/wp-content\/uploads\/2026\/02\/image-3-150x150.png\" class=\"attachment-thumbnail size-thumbnail wp-post-image\" alt=\"\" style=\"\" \/><\/div><a class=\"wp-block-latest-posts__post-title\" href=\"https:\/\/zwonowice.pl\/index.php\/2026\/02\/23\/narodowy-dzien-pamieci-zolnierzy-wykletych\/\">Narodowy Dzie\u0144 Pami\u0119ci &#8222;\u017bo\u0142nierzy Wykl\u0119tych&#8221;<\/a><time datetime=\"2026-02-23T15:22:29+00:00\" class=\"wp-block-latest-posts__post-date\">23 lutego, 2026<\/time><\/li>\n<li><div class=\"wp-block-latest-posts__featured-image\"><img loading=\"lazy\" decoding=\"async\" width=\"150\" height=\"150\" src=\"https:\/\/zwonowice.pl\/wp-content\/uploads\/2026\/02\/image-2-150x150.png\" class=\"attachment-thumbnail size-thumbnail wp-post-image\" alt=\"\" style=\"\" \/><\/div><a class=\"wp-block-latest-posts__post-title\" href=\"https:\/\/zwonowice.pl\/index.php\/2026\/02\/23\/utrudnienia-w-ruchu-drogowym-w-niedziele-1-marca-2025\/\">Utrudnienia w ruchu drogowym w niedziel\u0119 1 marca 2025<\/a><time datetime=\"2026-02-23T15:21:26+00:00\" class=\"wp-block-latest-posts__post-date\">23 lutego, 2026<\/time><\/li>\n<li><div class=\"wp-block-latest-posts__featured-image\"><img loading=\"lazy\" decoding=\"async\" width=\"150\" height=\"150\" src=\"https:\/\/zwonowice.pl\/wp-content\/uploads\/2025\/11\/Zdjecie-WhatsApp-2025-11-27-o-11.36.42_66752b20-150x150.jpg\" class=\"attachment-thumbnail size-thumbnail wp-post-image\" alt=\"\" style=\"\" \/><\/div><a class=\"wp-block-latest-posts__post-title\" href=\"https:\/\/zwonowice.pl\/index.php\/2025\/11\/27\/jarmark-bozonarodzeniowy-w-gminie-lyski\/\">Jarmark Bo\u017conarodzeniowy w Gminie Lyski<\/a><time datetime=\"2025-11-27T17:54:35+00:00\" class=\"wp-block-latest-posts__post-date\">27 listopada, 2025<\/time><\/li>\n<li><div class=\"wp-block-latest-posts__featured-image\"><img loading=\"lazy\" decoding=\"async\" width=\"150\" height=\"150\" src=\"https:\/\/zwonowice.pl\/wp-content\/uploads\/2025\/11\/image-2-150x150.png\" class=\"attachment-thumbnail size-thumbnail wp-post-image\" alt=\"\" style=\"\" \/><\/div><a class=\"wp-block-latest-posts__post-title\" href=\"https:\/\/zwonowice.pl\/index.php\/2025\/11\/27\/wazna-informacja-dla-mieszkancow-zwonowic\/\">Wa\u017cna informacja dla mieszka\u0144c\u00f3w Zwonowic \ud83e\udd73<\/a><time datetime=\"2025-11-27T17:12:57+00:00\" class=\"wp-block-latest-posts__post-date\">27 listopada, 2025<\/time><\/li>\n<li><div class=\"wp-block-latest-posts__featured-image\"><img loading=\"lazy\" decoding=\"async\" width=\"150\" height=\"150\" src=\"https:\/\/zwonowice.pl\/wp-content\/uploads\/2025\/11\/Zdjecie-WhatsApp-2025-11-11-o-14.54.11_85efbcc0-150x150.jpg\" class=\"attachment-thumbnail size-thumbnail wp-post-image\" alt=\"\" style=\"\" \/><\/div><a class=\"wp-block-latest-posts__post-title\" href=\"https:\/\/zwonowice.pl\/index.php\/2025\/11\/11\/dzien-niepodleglosci-w-gminie-lyski\/\">Dzie\u0144 Niepodleg\u0142o\u015bci w Gminie Lyski<\/a><time datetime=\"2025-11-11T17:39:25+00:00\" class=\"wp-block-latest-posts__post-date\">11 listopada, 2025<\/time><\/li>\n<\/ul>","protected":false},"excerpt":{"rendered":"","protected":false},"author":1,"featured_media":0,"parent":0,"menu_order":0,"comment_status":"closed","ping_status":"closed","template":"","meta":{"footnotes":""},"class_list":["post-96","page","type-page","status-publish","hentry"],"_links":{"self":[{"href":"https:\/\/zwonowice.pl\/index.php\/wp-json\/wp\/v2\/pages\/96","targetHints":{"allow":["GET"]}}],"collection":[{"href":"https:\/\/zwonowice.pl\/index.php\/wp-json\/wp\/v2\/pages"}],"about":[{"href":"https:\/\/zwonowice.pl\/index.php\/wp-json\/wp\/v2\/types\/page"}],"author":[{"embeddable":true,"href":"https:\/\/zwonowice.pl\/index.php\/wp-json\/wp\/v2\/users\/1"}],"replies":[{"embeddable":true,"href":"https:\/\/zwonowice.pl\/index.php\/wp-json\/wp\/v2\/comments?post=96"}],"version-history":[{"count":9,"href":"https:\/\/zwonowice.pl\/index.php\/wp-json\/wp\/v2\/pages\/96\/revisions"}],"predecessor-version":[{"id":129,"href":"https:\/\/zwonowice.pl\/index.php\/wp-json\/wp\/v2\/pages\/96\/revisions\/129"}],"wp:attachment":[{"href":"https:\/\/zwonowice.pl\/index.php\/wp-json\/wp\/v2\/media?parent=96"}],"curies":[{"name":"wp","href":"https:\/\/api.w.org\/{rel}","templated":true}]}}