{"id":99,"date":"2025-10-08T06:54:42","date_gmt":"2025-10-08T06:54:42","guid":{"rendered":"https:\/\/zwonowice.pl\/?page_id=99"},"modified":"2025-10-08T12:43:33","modified_gmt":"2025-10-08T12:43:33","slug":"ogloszenia-wiejskie","status":"publish","type":"page","link":"https:\/\/zwonowice.pl\/index.php\/ogloszenia-wiejskie\/","title":{"rendered":"Og\u0142oszenia Wiejskie"},"content":{"rendered":"<ul class=\"wp-block-latest-posts__list has-dates wp-block-latest-posts\"><li><div class=\"wp-block-latest-posts__featured-image\"><img loading=\"lazy\" decoding=\"async\" width=\"150\" height=\"150\" src=\"https:\/\/zwonowice.pl\/wp-content\/uploads\/2026\/03\/zmiana-ruchu-150x150.jpg\" class=\"attachment-thumbnail size-thumbnail wp-post-image\" alt=\"\" style=\"\" \/><\/div><a class=\"wp-block-latest-posts__post-title\" href=\"https:\/\/zwonowice.pl\/index.php\/2026\/03\/06\/zmiana-organizacji-ruchu-od-10-marca\/\">Zmiana Organizacji Ruchu od 10 Marca<\/a><time datetime=\"2026-03-06T12:03:50+00:00\" class=\"wp-block-latest-posts__post-date\">6 marca, 2026<\/time><\/li>\n<li><div class=\"wp-block-latest-posts__featured-image\"><img loading=\"lazy\" decoding=\"async\" width=\"150\" height=\"150\" src=\"https:\/\/zwonowice.pl\/wp-content\/uploads\/2026\/02\/podatki-150x150.jpg\" class=\"attachment-thumbnail size-thumbnail wp-post-image\" alt=\"\" style=\"\" \/><\/div><a class=\"wp-block-latest-posts__post-title\" href=\"https:\/\/zwonowice.pl\/index.php\/2026\/02\/04\/odbior-deklaracji-podatkowych-w-zwonowicach-harmonogram-2026\/\">Odbi\u00f3r deklaracji podatkowych w Zwonowicach \u2013 Harmonogram 2026<\/a><time datetime=\"2026-02-04T07:18:39+00:00\" class=\"wp-block-latest-posts__post-date\">4 lutego, 2026<\/time><\/li>\n<li><div class=\"wp-block-latest-posts__featured-image\"><img loading=\"lazy\" decoding=\"async\" width=\"150\" height=\"150\" src=\"https:\/\/zwonowice.pl\/wp-content\/uploads\/2025\/11\/santa-150x150.jpg\" class=\"attachment-thumbnail size-thumbnail wp-post-image\" alt=\"\" style=\"\" \/><\/div><a class=\"wp-block-latest-posts__post-title\" href=\"https:\/\/zwonowice.pl\/index.php\/2025\/11\/06\/spotkanie-z-swietym-mikolajem\/\">\ud83c\udf85 SPOTKANIE Z \u015aWI\u0118TYM MIKO\u0141AJEM \ud83c\udf84<\/a><time datetime=\"2025-11-06T17:15:18+00:00\" class=\"wp-block-latest-posts__post-date\">6 listopada, 2025<\/time><\/li>\n<li><div class=\"wp-block-latest-posts__featured-image\"><img loading=\"lazy\" decoding=\"async\" width=\"150\" height=\"150\" src=\"https:\/\/zwonowice.pl\/wp-content\/uploads\/2025\/10\/dzien-serniora-150x150.jpg\" class=\"attachment-thumbnail size-thumbnail wp-post-image\" alt=\"\" style=\"\" \/><\/div><a class=\"wp-block-latest-posts__post-title\" href=\"https:\/\/zwonowice.pl\/index.php\/2025\/10\/21\/dzien-seniora\/\">Dzie\u0144 Seniora<\/a><time datetime=\"2025-10-21T17:41:22+00:00\" class=\"wp-block-latest-posts__post-date\">21 pa\u017adziernika, 2025<\/time><\/li>\n<li><div class=\"wp-block-latest-posts__featured-image\"><img loading=\"lazy\" decoding=\"async\" width=\"150\" height=\"150\" src=\"https:\/\/zwonowice.pl\/wp-content\/uploads\/2025\/10\/Zdjecie-WhatsApp-2025-10-08-o-15.00.09_f93ba666-150x150.jpg\" class=\"attachment-thumbnail size-thumbnail wp-post-image\" alt=\"\" style=\"\" \/><\/div><a class=\"wp-block-latest-posts__post-title\" href=\"https:\/\/zwonowice.pl\/index.php\/2025\/10\/08\/zajecia-fitness\/\">Zaj\u0119cia fitness<\/a><time datetime=\"2025-10-08T15:13:32+00:00\" class=\"wp-block-latest-posts__post-date\">8 pa\u017adziernika, 2025<\/time><\/li>\n<\/ul>","protected":false},"excerpt":{"rendered":"","protected":false},"author":1,"featured_media":0,"parent":0,"menu_order":0,"comment_status":"closed","ping_status":"closed","template":"","meta":{"footnotes":""},"class_list":["post-99","page","type-page","status-publish","hentry"],"_links":{"self":[{"href":"https:\/\/zwonowice.pl\/index.php\/wp-json\/wp\/v2\/pages\/99","targetHints":{"allow":["GET"]}}],"collection":[{"href":"https:\/\/zwonowice.pl\/index.php\/wp-json\/wp\/v2\/pages"}],"about":[{"href":"https:\/\/zwonowice.pl\/index.php\/wp-json\/wp\/v2\/types\/page"}],"author":[{"embeddable":true,"href":"https:\/\/zwonowice.pl\/index.php\/wp-json\/wp\/v2\/users\/1"}],"replies":[{"embeddable":true,"href":"https:\/\/zwonowice.pl\/index.php\/wp-json\/wp\/v2\/comments?post=99"}],"version-history":[{"count":3,"href":"https:\/\/zwonowice.pl\/index.php\/wp-json\/wp\/v2\/pages\/99\/revisions"}],"predecessor-version":[{"id":131,"href":"https:\/\/zwonowice.pl\/index.php\/wp-json\/wp\/v2\/pages\/99\/revisions\/131"}],"wp:attachment":[{"href":"https:\/\/zwonowice.pl\/index.php\/wp-json\/wp\/v2\/media?parent=99"}],"curies":[{"name":"wp","href":"https:\/\/api.w.org\/{rel}","templated":true}]}}